or of 224 and 288.
32
Calculate the highest common divisor of 8 and 182.
2
What is the highest common divisor of 49 and 665?
7
What is the greatest common factor of 1216 and 160?
32
What is the highest common factor of 3402 and 7?
7
Calculate the highest common divisor of 16 and 356.
4
What is the highest common divisor of 207 and 23?
23
What is the greatest common divisor of 14 and 84?
14
What is the greatest common factor of 729 and 18?
9
Calculate the highest common factor of 41 and 1271.
41
Calculate the highest common divisor of 742 and 70.
14
Calculate the greatest common divisor of 24 and 1500.
12
Calculate the greatest common factor of 261 and 58.
29
What is the highest common factor of 4922 and 414?
46
What is the highest common factor of 82 and 41?
41
Calculate the highest common divisor of 10 and 18825.
5
Calculate the greatest common divisor of 2214 and 1640.
82
What is the greatest common factor of 277 and 45151?
277
Calculate the greatest common factor of 28 and 364.
28
What is the highest common factor of 120 and 14808?
24
Calculate the highest common divisor of 128 and 864.
32
What is the greatest common factor of 854 and 609?
7
Calculate the greatest common factor of 9 and 45.
9
What is the highest common factor of 44 and 68?
4
Calculate the highest common divisor of 8 and 18968.
8
What is the highest common divisor of 238 and 374?
34
Calculate the highest common factor of 160 and 220.
20
What is the highest common divisor of 340 and 2788?
68
What is the highest common divisor of 10 and 85?
5
Calculate the highest common factor of 30 and 18.
6
Calculate the highest common divisor of 944 and 177.
59
Calculate the highest common divisor of 124 and 12.
4
What is the greatest common divisor of 12 and 68?
4
Calculate the greatest common factor of 21 and 1659.
21
Calculate the highest common factor of 221 and 102.
17
Calculate the greatest common divisor of 115 and 170.
5
Calculate the highest common divisor of 64 and 80.
16
Calculate the greatest common factor of 6222 and 102.
102
Calculate the greatest common divisor of 18 and 14985.
9
What is the greatest common divisor of 38 and 1026?
38
What is the highest common divisor of 411 and 3?
3
What is the highest common factor of 81 and 621?
27
Calculate the highest common factor of 6 and 138.
6
Calculate the greatest common factor of 74 and 28786.
74
Calculate the highest common divisor of 3783 and 12222.
291
What is the highest common factor of 35 and 714?
7
Calculate the greatest common divisor of 74 and 481.
37
Calculate the highest common divisor of 384 and 1296.
48
Calculate the highest common factor of 688 and 64.
16
Calculate the greatest common factor of 170 and 1270.
10
What is the greatest common factor of 92 and 4?
4
Calculate the greatest common divisor of 162 and 702.
54
What is the greatest common divisor of 34 and 2278?
34
Calculate the highest common divisor of 30 and 220.
10
What is the greatest common factor of 54 and 9054?
18
What is the greatest common divisor of 6 and 48?
6
Calculate the highest common divisor of 3712 and 696.
232
Calculate the greatest common factor of 425 and 1175.
25
Calculate the highest common factor of 249 and 24.
3
Calculate the highest common factor of 728 and 56.
56
What is the highest common factor of 2074 and 68?
34
What is the greatest common factor of 2507 and 69?
23
What is the greatest common factor of 400 and 160?
80
Calculate the greatest common divisor of 329 and 752.
47
Calculate the greatest common factor of 234 and 18.
18
What is the highest common divisor of 1180 and 177?
59
What is the greatest common divisor of 380 and 1460?
20
Calculate the highest common divisor of 27 and 135.
27
What is the greatest common factor of 189 and 119?
7
Calculate the greatest common factor of 13 and 2743.
13
Calculate the highest common divisor of 2171 and 2672.
167
What is the greatest common divisor of 26 and 35919?
13
Calculate the highest common factor of 30641 and 13.
13
Calculate the highest common factor of 8 and 126.
2
What is the highest common factor of 440 and 16?
8
Calculate the greatest common factor of 15138 and 6.
6
What is the greatest common factor of 256 and 960?
64
Calculate the greatest common factor of 2490 and 120.
30
What is the greatest common factor of 39 and 104?
13
What is the greatest common divisor of 304 and 114?
38
What is the highest common factor of 146 and 10?
2
What is the greatest common factor of 49 and 798?
7
What is the highest common factor of 7 and 4?
1
What is the greatest common divisor of 289 and 1?
1
Calculate the greatest common divisor of 6852 and 108.
12
Calculate the highest common divisor of 4687 and 109.
109
What is the highest common factor of 576 and 27?
9
Calculate the highest common factor of 30 and 285.
15
Calculate the greatest common factor of 77 and 10549.
77
What is the greatest common factor of 22608 and 216?
72
What is the greatest common factor of 17766 and 54?
54
Calculate the highest common factor of 24 and 216.
24
What is the highest common factor of 658 and 28?
14
Calculate the highest common divisor of 44 and 33.
11
Calculate the highest common divisor of 286 and 66.
22
Calculate the greatest common factor of 13743 and 108.
27
What is the highest common factor of 88 and 11?
11
Calculate the greatest common factor of 534 and 6.
6
Calculate the highest common divisor of 3008 and 128.
64
Calculate the greatest common divisor of 1300 and 100.
100
Calculate the highest common divisor of 50 and 310.
10
What is the greatest common factor of 21 and 2037?
21
What is the greatest common factor of 1675 and 50?
25
What is the greatest common divisor of 240 and 640?
80
Calculate the highest common divisor of 27 and 3699.
27
What is the greatest common factor of 2117 and 1?
1
Calculate the highest common divisor of 10 and 215.
5
Calculate the highest common divisor of 175 and 140.
35
What is the highest common divisor of 94 and 1175?
47
What is the highest common factor of 2384 and 745?
149
What is the highest common divisor of 112 and 518?
14
Calculate the highest common divisor of 54 and 1314.
18
Calculate the greatest common divisor of 4340 and 5.
5
Calculate the highest common factor of 8 and 216.
8
Calculate the greatest common divisor of 627 and 19.
19
What is the greatest common divisor of 33 and 1243?
11
Calculate the highest common divisor of 186 and 434.
62
What is the highest common divisor of 5015 and 2360?
295
Calculate the highest common factor of 34 and 2.
2
Calculate the highest common divisor of 196 and 868.
28
What is the greatest common divisor of 7920 and 200?
40
What is the highest common factor of 114 and 1007?
19
Calculate the greatest common divisor of 7098 and 70.
14
Calculate the highest common factor of 583 and 99.
11
What is the highest common divisor of 16 and 4496?
16
Calculate the greatest common factor of 16 and 3112.
8
Calculate the highest common divisor of 2868 and 48.
12
Calculate the highest common factor of 21146 and 194.
194
What is the greatest common divisor of 160 and 96?
32
What is the greatest common factor of 2 and 5108?
2
What is the greatest common factor of 84 and 567?
21
Calculate the greatest common factor of 17154 and 18.
18
Calculate the highest common divisor of 399 and 57.
57
Calculate the highest common divisor of 1287 and 65.
13
What is the highest common divisor of 308 and 88?
44
Calculate the greatest common divisor of 460 and 1564.
92
Calculate the greatest common divisor of 66 and 2112.
66
Calculate the greatest common divisor of 7 and 18809.
7
Calculate the highest common divisor of 40 and 100.
20
Calculate the greatest common factor of 475 and 38.
19
What is the greatest common factor of 11 and 29?
1
What is the highest common divisor of 790 and 10?
10
Calculate the highest common divisor of 36 and 8.
4
Calculate the greatest common divisor of 14 and 5866.
14
Calculate the highest common factor of 4 and 322.
2
What is the greatest common divisor of 48 and 216?
24
What is the highest common factor of 31300 and 100?
100
What is the highest common factor of 243 and 18?
9
Calculate the highest common factor of 63 and 1557.
9
Calculate the highest common divisor of 144 and 1044.
36
What is the greatest common factor of 940 and 2